mainder when a is divided by f?
26
What is the remainder when -27 + 22 + (-52433)/(-4) + 1/(-4) is divided by 24?
23
Let d = 763 + -757. Suppose 4*y + 12 = v, 0*y = -5*v - 3*y + 14. What is the remainder when v/16 + (-86)/(-8) is divided by d?
5
Suppose -17807 = -53*d + 30158. Calculate the remainder when d is divided by 121.
58
Let n(b) = b**2 - 39*b - 583. Calculate the remainder when 354 is divided by n(-13).
75
Suppose 0 = -5*w + 20, 5*c - 20 - 666 = 6*w. What is the remainder when c is divided by 43?
13
Let g = -22308 - -23685. Calculate the remainder when g is divided by 73.
63
Suppose 0 = -160*w + 33412 + 460988. Calculate the remainder when w is divided by 34.
30
Let s = 776 + -776. Calculate the remainder when 90 is divided by 38 + s + 17/(34/(-12)).
26
Let q = 356 - 43. Let v = q + -230. Let p = -25 + 37. What is the remainder when v is divided by p?
11
Suppose 74*y - 79*y + 13560 = 0. Calculate the remainder when ((-26)/(-8) - -2)*y/18 is divided by 33.
32
Let s(x) = -3*x - 5. Let p be s(-5). Let b = 22 - p. Let f = 40 - b. Calculate the remainder when f is divided by 15.
13
Let u(l) = 6*l - l**3 - 21*l**2 + 11*l**2 - 27*l - 21 - 4*l. Calculate the remainder when 49 is divided by u(-7).
0
Let t(r) = 2*r + 10 + 10 + 2 - 3*r. Calculate the remainder when t(16) is divided by -1 - 0 - (-1 + -2).
0
Suppose 154 = 3*h + 11*h. Suppose h*l = 13*l - 44. What is the remainder when 165 is divided by l?
11
Suppose 5*a = 3*p - 7*p - 2, p - 4*a = 10. Let h(m) = 4*m**2 - 5*m + 4. Calculate the remainder when 46 is divided by h(p).
6
Suppose -127 = -6*x + 53. Let g = 38 - x. What is the remainder when 36 is divided by g?
4
Let n = 111 + -99. Calculate the remainder when (-8)/16*(-102 - -6) is divided by n.
0
Let c(f) = -f**3 + 9*f**2 - 5*f - 7. Let n = 12 + -4. Calculate the remainder when (2747/(-335))/(1/5 + (-6)/15) is divided by c(n).
7
Suppose -3*p - 46 = -5*p. Let u = -52135 - -52141. What is the remainder when p is divided by u?
5
Suppose 0 = -y + 4*j + 1425 + 934, -3*y + j + 7066 = 0. Suppose -y - 841 = -17*f. Calculate the remainder when f is divided by 38.
36
Suppose -15*s - 564 = -13*s. Let l = -207 - s. What is the remainder when l is divided by 19?
18
What is the remainder when 47685/176 - 17/(-272) is divided by 68?
67
Suppose 58 = c - 7. Suppose c*t = 64*t + 55. Let q(w) = 2*w**3 + 20*w**2 - 3*w - 15. What is the remainder when t is divided by q(-10)?
10
Suppose d = -5*k + 220, -115*k + 119*k = -5*d + 1184. Calculate the remainder when 253 is divided by d.
13
Let b(y) = -713*y + 3581. Calculate the remainder when 335 is divided by b(5).
15
Let v = 8569 - 8046. Calculate the remainder when v is divided by 48.
43
Suppose r = 25007 - 14397. Calculate the remainder when r is divided by 28.
26
Suppose -5*d + 2*w + 928 = 0, -262 = -4*d + 5*w + 477. Calculate the remainder when 521 is divided by d.
149
Let v = -1467 - -1491. Let u(i) = 3*i**2 - 11*i + 4. Let w be u(-8). Suppose -c = -3*c + w. What is the remainder when c is divided by v?
22
Let o = 44 + 10. Let z = -86 - -117. What is the remainder when o is divided by z?
23
Suppose 2*p - 9 - 17 = 0. Let d = -244 - -248. Calculate the remainder when (-1236)/(-24) - -2*(-1)/d is divided by p.
12
Let j = -12306 + 12390. What is the remainder when 4449 is divided by j?
81
Suppose -2*q - 122 = -3*q + m, -3*m = -q + 126. Suppose 75 = 5*y - q. Suppose -20*t - y = -23*t. What is the remainder when t is divided by 8?
5
Suppose 7*q = 4*q + 549. Calculate the remainder when q is divided by ((-37)/4)/((-47)/188).
35
Let s(w) = w**3 - 36*w**2 + 26*w - 750. Calculate the remainder when 387 is divided by s(36).
15
Suppose 0 = 2*g + g - o + 258, -5*o = 0. Let k = g + 93. Suppose k*t = 4*t + 27. What is the remainder when 33 is divided by t?
6
Let y = 787 - 778. Calculate the remainder when 300 is divided by y.
3
Let g = -5 + 7. Suppose -7*f = -g*f - 205. Suppose 45*w - 689 = 346. What is the remainder when f is divided by w?
18
Suppose 2*i = -5*r, 0 = i - 5. Let j = 5 - r. Calculate the remainder when 342/11 - (195/(-33) + 6)/1 is divided by j.
3
Suppose -2 = -4*d - 22, h - d - 17 = 0. Suppose 3*t = -n + 382, -2*n + 4596 = 2*t + 3800. What is the remainder when n is divided by h?
10
Let z(x) = x**2 - 1. Let h be z(-2). Suppose -h*g + 92 = -1. Calculate the remainder when ((-3660)/25)/((-356)/445) is divided by g.
28
Let z(s) be the first derivative of 208/3*s**3 - 8*s - 7/2*s**2 - 46. What is the remainder when z(-1) is divided by 21?
18
Let i = 11335 + -9920. What is the remainder when i is divided by 233?
17
Calculate the remainder when (-18)/4 + (-1772875)/(-250) is divided by 51.
49
Let c = -652 + 679. Suppose 0 = -4*z + 4*l + 36, 34*l - c = -3*z + 32*l. What is the remainder when z is divided by 6?
3
Let x(c) be the first derivative of -c**3/3 + 7*c**2/2 + 28*c + 242. Calculate the remainder when x(3) is divided by 9.
4
Suppose -8*o - 137 - 135 = -76*o. Calculate the remainder when -1*(-28)/16*16 is divided by o.
0
Calculate the remainder when 332 is divided by (-39)/6*-22 + 69 + -62.
32
Let h = -3 - -3. Suppose k + 8 - 23 = h. Let b = k + 3. Calculate the remainder when b is divided by 5.
3
What is the remainder when 1422 is divided by (-6)/(-5)*(-30250)/(-484)?
72
Let k be 1 + 0 - (-10 + 11)*1. Suppose -12*c + 135 + 21 = k. Suppose -3*l + 33 = 5*o - 58, o = -l + 19. Calculate the remainder when o is divided by c.
4
Let y = 433 + -434. What is the remainder when y + 1 + 5 - -236 is divided by 49?
45
Suppose -108 = -5*v + 197. Suppose 0 = -2*a + 5*g + v + 302, -3*g = -a + 179. What is the remainder when a is divided by 7?
5
Suppose 106014 = 8*l + 51*l + 20523. Calculate the remainder when l is divided by 236.
33
Suppose 0 = 2*c + 5*y - 651, -5*y - 1021 + 360 = -2*c. Calculate the remainder when c is divided by 113.
102
Let b be 6/(-15) + (-1)/(15/(-11766)). Suppose -15*k + b = -11. Let x = 23 + -16. Calculate the remainder when k is divided by x.
4
Suppose -4*m - 2*d = -0 - 48, 3*m + 2*d = 35. Suppose -m*w + 209 = 27. What is the remainder when 36 is divided by w?
8
Let o be 284/(-3)*6/(-4). Let p = -136 + o. Calculate the remainder when (-2)/7 - (-107)/7 is divided by p.
3
Suppose -441 = 149*p - 158*p. Calculate the remainder when 537 is divided by p.
47
Let m(o) = -o**2 + 15*o + 20. Let a(w) = 7*w - 27. Let d be a(6). Let t be m(d). Suppose -14*b = -19*b + t. What is the remainder when 26 is divided by b?
2
Suppose -9*x = 28 - 100. Suppose -z - 504 = -x*z. What is the remainder when z is divided by 15?
12
Calculate the remainder when 394 is divided by (-474 + 429)*(1 + -2).
34
Let v(g) = -g**2 + 8*g - 8. Let y be v(6). What is the remainder when (-132)/(-2) - (-3 - (-1 - y)) is divided by (-5)/60*-4 + 76/6?
12
Let s = 18 + -11. Suppose s*i = 13 + 78. What is the remainder when (-5)/(-25) + 374/5 is divided by i?
10
Let l(h) = 2*h**2 - 30*h - 184. Suppose 5*m - 86 = 2*m - g, 3*m - 76 = 4*g. Let n = m + -10. Calculate the remainder when l(-6) is divided by n.
14
Let z be -1 + (-9)/(-3) + 4. Suppose -z*f = -8*f + 54. Suppose 4*t = 5*t + q - 12, 2*q = t - f. Calculate the remainder when t is divided by 7.
3
Let q(i) = 2*i**2 - 45. What is the remainder when 207 is divided by q(5)?
2
Suppose 0 = -2*s + 4*h + 10450, 3*s + 7*h = 9674 + 6079. Calculate the remainder when s is divided by 31.
29
Let c be 10*((-20)/(-18))/((-48)/(-108)). Suppose -x = -3*f - 9 - 13, x - 4*f - c = 0. Calculate the remainder when x is divided by 3.
1
Let t(g) be the second derivative of -21*g**3/2 - 39*g**2/2 + 158*g. Calculate the remainder when t(-3) is divided by 17.
14
Let k be 6*(55/(-15) - -2). Let m(w) = -w**3 - 5*w**2 - 5*w + 3. What is the remainder when m(-4) is divided by k/((-50)/(-105))*(-2)/6?
0
Suppose 23*y - 1918 = 3165. What is the remainder when y is divided by 20?
1
Let a(w) = -w - 10. Let t be a(-5). Let c be 39/15 - 2/t. Suppose -l = 4*q + 26 - 229, 2*q - 89 = -c*l. Calculate the remainder when q is divided by 9.
7
Suppose -2*f - n = 2*n - 66, -5*f + 3*n + 123 = 0. Let w = -43 + 22. Let s(t) = -t**2 - 23*t + 62. What is the remainder when s(w) is divided by f?
23
Suppose -q - 3*g = -155, q - 8*g = -9*g + 145. What is the remainder when 2798 is divided by q?
138
Let a = -1570 + 1686. Suppose 0 = -5*z - 28